 - 3*g. Let d = s - -4. What are the prime factors of d?
3
Suppose 2*r - 24 = 22. Let u = -13 + r. What are the prime factors of u?
2, 5
Let p be 2/7 - 24/(-14). Let m(d) = -d**2 - 3*d - 2*d - 6 + p*d**2. What are the prime factors of m(7)?
2
Suppose 3*k - 4*j = -j - 6, -4*k + 3*j - 8 = 0. Let o be -1 - (k + 8*1). Let p = o - -19. What are the prime factors of p?
2, 3
Suppose -22 = -4*p + 3*u - 5*u, -5*p - 3*u = -27. Suppose p*a - 3*a = 120. What are the prime factors of a?
2, 5
Suppose 7*n = 6*n + 33. What are the prime factors of n?
3, 11
Let a be 3/2 - 10/(-20). Suppose 3*p - 7 = -a*d, 0 = 5*d - 5*p - 0*p - 30. List the prime factors of d.
5
Let u(s) = 18*s + 3. What are the prime factors of u(4)?
3, 5
Suppose -4*z + 3 = n, 0*z = -3*n + 3*z - 6. Let f = n - -6. What are the prime factors of f?
5
Let v(q) = -q**3 + 6*q**2 + 2*q + 4. List the prime factors of v(6).
2
Let z(f) = -4*f - 2. List the prime factors of z(-26).
2, 3, 17
Let x be 20*3*4/24. Let a = -5 + x. List the prime factors of a.
5
Let h = -14 + 30. Suppose -54 = h*l - 18*l. List the prime factors of l.
3
Let i(y) = 2*y - 14. Let s be i(17). Suppose 0 = 4*f + s, f + f = 5*g - 140. What are the prime factors of g?
2, 13
List the prime factors of (0 - -2) + 8 + -6.
2
Suppose 0 = -3*m - 1 + 13. List the prime factors of (-2)/m - 195/(-6).
2
Let p(h) = 23*h**2 + 2*h + 1. List the prime factors of p(2).
97
Suppose 7*z = 12*z - 115. What are the prime factors of z?
23
Let t = -1 - -13. Suppose -d - m = -7, 5*d + 2*m = 12 + 14. Let h = t - d. List the prime factors of h.
2
Let z(h) be the third derivative of h**4/24 + 3*h**3/2 - 3*h**2. What are the prime factors of z(-6)?
3
Suppose -3 = 2*i - 9. Suppose m - 24 = -i*m. List the prime factors of m.
2, 3
Let b = -3 - -5. Let t = 5 + -3. Suppose -j = -b*z - 17 + t, -23 = -3*j - 5*z. List the prime factors of j.
11
Let l(w) = w - 2. Let y be l(8). Suppose -2*j = -y - 32. Suppose 2*t + 3 - j = -3*k, -3*t - 20 = -k. List the prime factors of k.
2
Let l = -16 + 89. List the prime factors of l.
73
Let f(o) = o + 21. List the prime factors of f(9).
2, 3, 5
Suppose 4*a - 48 = a. Suppose 2*c + 2*z = 4, -3*c + 3*z + a = z. List the prime factors of c.
2
Let o(m) = -m**3 + 9*m**2 - 8*m + 1. Let v be o(8). Let a be (v/((-3)/18))/(-2). Suppose 2*d + d - 29 = -4*t, -3 = 4*d - a*t. What are the prime factors of d?
3
Suppose -4 = -0*c + 4*c. Let b(k) = 15*k**2 - 1. List the prime factors of b(c).
2, 7
Let x(j) = 8*j - 6. What are the prime factors of x(5)?
2, 17
Let x(y) = y**3 + 5*y**2 - 5*y - 9. Let z be x(-6). Let o = -8 - z. What are the prime factors of o?
7
What are the prime factors of 30/(5/20 - (-2)/4)?
2, 5
Let j(g) = g**3 - 22*g**2 - 12*g - 8. What are the prime factors of j(23)?
5, 7
Suppose -10*p + 11*p = 0. Suppose -16 = -p*z - z. List the prime factors of z.
2
Suppose -i = i - 88. What are the prime factors of ((-6)/8)/((-1)/i)?
3, 11
Let p = -4 + 2. List the prime factors of p/(-6) + (-426)/(-18).
2, 3
Let n = -20 + 21. Let v(l) = 25*l - 3. List the prime factors of v(n).
2, 11
Suppose 5*w + 2 = -8. What are the prime factors of w*(1 + 0) - -26?
2, 3
Let w = -140 - -338. What are the prime factors of w?
2, 3, 11
Let o = 9 - 1. Let l be (45/12)/(2/o). Suppose l = 3*t - 5*b, -2*b = 5*t - 4*b - 25. What are the prime factors of t?
5
Suppose -5*c - 10 = -6*c. List the prime factors of (6/c)/(2/50).
3, 5
Let p(x) = 4*x**2 + x. Suppose 2*z + 22 = 5*n, n - 7 = 5*z + 2. Let g be p(z). Suppose -d - g*d + 32 = 0. What are the prime factors of d?
2
Let o(u) be the second derivative of -u**5/20 + u**3/3 + u**2/2 + 5*u. List the prime factors of o(-3).
2, 11
Let u = -60 + 112. List the prime factors of u.
2, 13
Let v = -4 - -9. Suppose 2*k = -v + 1, 2*z + 4*k - 18 = 0. List the prime factors of z.
13
What are the prime factors of (-3 - (-3 - 0)) + 7?
7
Let u be 10/15 + 8/(-3). Suppose 32 = 3*z + 2*d + 4, 0 = -5*z + d + 38. Let c = z - u. What are the prime factors of c?
2, 5
What are the prime factors of 4*5/(-100) + 1272/10?
127
Let n = 1 - -4. List the prime factors of 1*3/3*n.
5
Let g = -12 - -7. Let z = g - -3. Let i = z + 5. List the prime factors of i.
3
Let x = 582 + -233. List the prime factors of x.
349
Suppose -102 = -7*q + 66. What are the prime factors of q?
2, 3
Let o(r) = r**3 - 2*r**2 - 8*r + 9. Let d be (-1)/(-2)*(12 + -4). What are the prime factors of o(d)?
3
Suppose 4 + 6 = 2*p. Let t = 10 - p. What are the prime factors of t?
5
Let g = -26 - -38. List the prime factors of 50/4*g/15.
2, 5
List the prime factors of ((-27)/3 - 0)*-3.
3
Suppose 2825 = 9*c + 1115. What are the prime factors of c?
2, 5, 19
Let u be (11 + -4)*(-2)/(-7). Suppose u*r = -0 + 18. What are the prime factors of r?
3
Let d = 19 - 11. Suppose 2*x - 4*x = -d. What are the prime factors of x?
2
Let t = -22 + 32. List the prime factors of t.
2, 5
Let w(k) = -k**2 - 26*k - 9. What are the prime factors of w(-8)?
3, 5
Suppose -b = -w + 2*w - 6, -3*b = -2*w - 3. Suppose 26 = d + 5*c, -3*d - 2*d = b*c - 42. List the prime factors of d.
2, 3
Suppose 2*x - p = 437, 0 = 2*x + 4*p - p - 457. What are the prime factors of x?
13, 17
Suppose -2*t + 106 = -152. What are the prime factors of t?
3, 43
Suppose 0*d - 4 = d. Let b = d + 7. What are the prime factors of b?
3
Let y(w) = -w**2 + 10*w - 10. Let n(r) = r**2 - 10*r + 10. Let m(b) = 5*n(b) + 6*y(b). Let g be 44/6 - (-4)/6. What are the prime factors of m(g)?
2, 3
What are the prime factors of (-209 - -33)*(1 + (-2)/1)?
2, 11
Suppose 47 = 5*m - 18. What are the prime factors of m?
13
Let v(a) = a**3 + 7*a**2 + 5*a + 2. Let o be v(-6). Let w be o/(-12)*18/(-4). Suppose -36 = w*b - 7*b. What are the prime factors of b?
3
Let z(p) = p**2 - 4*p - 1. Let v be z(4). Let i = 19 + v. What are the prime factors of i?
2, 3
What are the prime factors of (92 - (1 + -4)) + 0?
5, 19
Let p(b) = 2*b**2 + 2*b - 2. Let s(g) = -g - 6. Let f be s(-9). Let d be p(f). Suppose -3*u - 2*u = 4*v - 42, -3*v + u + d = 0. What are the prime factors of v?
2
Suppose 0 = 3*a + 218 - 749. List the prime factors of a.
3, 59
Let a = 3 - -5. Suppose 6*u + 54 = a*u. List the prime factors of u.
3
Let m = 8 - -7. What are the prime factors of m?
3, 5
Suppose -2*c + 3*p - 10 + 220 = 0, 0 = 5*p + 10. Let z = c - 72. Suppose 4*d - 28 = -3*v - v, z = 4*d + 5*v. List the prime factors of d.
5
Let a(l) = 5 + 7*l - 3*l - 3. List the prime factors of a(4).
2, 3
Suppose -23 = -4*g - n, -2*g + 3*g - 4 = -2*n. Let y be ((-8)/g)/((-4)/6). Suppose 0*c - y*c = -32. List the prime factors of c.
2
Let j = 48 - 26. What are the prime factors of j?
2, 11
Suppose d + 8 - 2 = 0. Let q = 6 + d. Suppose -3*l + 39 = -q*l. What are the prime factors of l?
13
List the prime factors of 11 + 1 + (-2)/(-1).
2, 7
Let g = 5 - -1. Suppose 4*r - g*h = -2*h - 20, -h = 5*r + 13. List the prime factors of ((-20)/(-6))/((-1)/r).
2, 5
Suppose 3*g = 5*a + g + 41, 4*a = 5*g - 26. Let x = a - -19. Suppose 0 = -2*n - w + 6*w + x, 6 = 3*w. What are the prime factors of n?
2, 5
Let g(d) = -d**3 - d**2 - d + 2. Let s be g(0). Suppose -4*c = v - 24, s*v - 28 = v - 2*c. What are the prime factors of v?
2
Suppose 5*j + 4*l - 258 = 3*j, 0 = j + 3*l - 126. Suppose 3*z + j = -2*s, 4*s - 2*z + 3*z = -295. Let i = -54 - s. List the prime factors of i.
3, 7
Let j(u) = 3 - 2 - 9*u - 18*u. What are the prime factors of j(-1)?
2, 7
Let p = 5 + -13. Let r be 2/(-2*(-2)/p). List the prime factors of (6/r)/(9/(-12)).
2
What are the prime factors of (-5)/(-10) - (-3 - (-228)/(-8))?
2
Suppose 14*i - 9*i = 1020. What are the prime factors of i?
2, 3, 17
Let x = 271 + 75. What are the prime factors of x?
2, 173
Let u(k) = 8*k - 3. Suppose -5*z = 10, 4*x + 0*z = 2*z + 16. What are the prime factors of u(x)?
3, 7
Let j(p) = 6*p + 9. List the prime factors of j(4).
3, 11
Let y = -13 + 9. Let k be -3 + 5/((-10)/y). What are the prime factors of k/5 + (-48)/(-15)?
3
Let h(g) = g + 2. Let s be h(3). Let n = 3 + s. Let v(z) = -z**3 + 9*z**2 - 6*z + 2. List the prime factors of v(n).
2, 3
Let g(f) = -f + 3. Let n(l) = -l**3 - 3*l**2 - 3*l - 1. Let x be n(-2). Let q be x*-6*(-4)/(-6). List the prime factors of g(q).
7
Suppose 4*w + w = 0. Suppose -30 = -w*v - 3*v. Suppose -d = z - 17, -4*d = -10 - v. What are the prime facto